 + n. What are the prime factors of v?
2, 7
Suppose 3*c = 4*c. Suppose c = 6*x - 3*x - 75. Suppose -17 = -3*r + x. List the prime factors of r.
2, 7
Suppose b - 91 = 4*z - 0*z, -5*z + 25 = 0. List the prime factors of b.
3, 37
Let o(q) = -q**3 + 5*q**2 + 4*q + 1. Let k be o(6). Let g(r) = r + 14. Let w be g(k). Suppose -44 = -x - w*x. List the prime factors of x.
11
Suppose -3*u + 3 = -0*u. What are the prime factors of (u - 1)/(-3) - -28?
2, 7
What are the prime factors of 7 + (-2)/(4 - (-28)/(-8))?
3
Let m(t) = t + 23. List the prime factors of m(6).
29
Suppose g = -3*g + 12. Suppose -28 = -g*d + 17. List the prime factors of d.
3, 5
Let z(c) be the first derivative of -c**2/2 + 20*c - 4. List the prime factors of z(0).
2, 5
Suppose -13*h + 8*h = -215. What are the prime factors of h?
43
Suppose 3*k = 2*k. Let q(b) = -b**2 - b + 4. Let f be q(k). Suppose f*g - 30 = g. What are the prime factors of g?
2, 5
Let q = -18 + 38. What are the prime factors of q?
2, 5
Let b be 3*(-2 + 15/(-9)). Let d = b + -10. Let p = d + 35. What are the prime factors of p?
2, 7
Let q = -28 - -46. List the prime factors of q.
2, 3
Let k = -7 + 11. Let s = k + 0. What are the prime factors of s?
2
Let r = -4 - 0. Let k = 2 - r. Suppose -k - 3 = -3*n. List the prime factors of n.
3
Let n(t) = t**3 + 8*t**2 + 6*t - 6. Let q = -20 - -13. Let s be n(q). Suppose -s = 3*m + 5*c - 21, -4 = -m - 3*c. What are the prime factors of m?
2, 5
Suppose 5*o = 4*f - 8, 4*o = -0*f + 2*f - 4. Suppose -t + 3 = f*t. What are the prime factors of (t - -8 - 1) + -2?
2, 3
Suppose 5*w - 23 = 2. Suppose -5 - 20 = -4*g - w*f, -2*f - 18 = -4*g. List the prime factors of g.
5
Suppose -7*l = -2*l + 5. Let n = l + 9. List the prime factors of 8 + n + -1 + 4.
19
Let k(t) = 21*t**3 + 4*t**2 - 6*t + 6. Let l(r) = r**3 - r**2 + r - 1. Let a(g) = k(g) + 5*l(g). List the prime factors of a(1).
5
Suppose x = -2*x + 9. Suppose -60 = 3*o - x*b, o + 0*b + 4*b = 0. List the prime factors of (3*o/6)/(-2).
2
Let m(u) = u**3 + u**2 - 2*u - 1. Suppose -q = 5*s - s + 10, -5*q = -5*s. Let h be m(s). List the prime factors of (3 + -4)/(h/9).
3
Let r(g) = -5*g**3 + 2*g**2 + 2*g + 2. Let p(x) = x**3 - x - 1. Let b(s) = -2*p(s) - r(s). What are the prime factors of b(2)?
2
Suppose -23*y + 196 = -19*y. List the prime factors of y.
7
Let b(s) = s**2 - 3*s + 2. Let p(o) = -o + 3. Suppose -2*a = 2*a. Let x be p(a). List the prime factors of b(x).
2
Let r(t) = -3*t - 2 - 4 + 3*t**3 - 2*t**3 + 13*t + 13*t**2. List the prime factors of r(-12).
2, 3
Suppose t - 15 = 6*t. Let a(i) = -i - 1. Let m be a(t). Suppose 3*r + m*v - 27 = 5*v, 2*r - 21 = 3*v. What are the prime factors of r?
2, 3
Let k(x) = -4*x - 3. Suppose 3*b - 30 = 8*b. List the prime factors of k(b).
3, 7
What are the prime factors of 140/15*(-3)/(-2)?
2, 7
Let z = 17 + -10. Suppose 74 = 3*r + 5*l, -l - 68 = 3*r - z*r. Let k = r - 8. List the prime factors of k.
2, 5
Let k = -41 + 93. What are the prime factors of k?
2, 13
Suppose -4*g - 2*s + 8 = -g, 16 = -5*g + 4*s. Suppose g*i = i + 1. List the prime factors of 7*(1 + i - -1).
7
Let d = -13 + 2. Let r = -5 - d. List the prime factors of r.
2, 3
Let j(c) = 14*c - 1. Let d be j(5). Suppose -2*u + d = u + 4*k, -9 = 3*k. What are the prime factors of u?
3
Suppose -3*y = -2*c - 5, 4*y + 52 = -5*c + 5. Let o = c - -12. What are the prime factors of o?
5
Let o(h) = h**2 + 4*h - 1. Let p be o(-4). List the prime factors of 8 - p/(-2)*6.
5
Let j = 73 + -52. List the prime factors of j/2 - (-1)/2.
11
Suppose -7*d = -3*d - 260. Suppose 42 = 4*l + b, -5*l = -0*l - 5*b - d. What are the prime factors of l?
11
Let n(k) = k**3 - 7*k**2 + 10*k + 2. List the prime factors of n(7).
2, 3
Suppose 0*c = 2*c + 8. Let h = c + 7. List the prime factors of h.
3
Suppose -5*n = -8*n + 171. List the prime factors of n.
3, 19
Let m be (-1)/(0 + -1 + 0). Suppose -t + 9 - m = 0. List the prime factors of t.
2
Suppose 2*k = 72 - 4. Let p = 50 - k. What are the prime factors of p?
2
Let o(z) = -9*z**3 + z**2 + z + 2. Let t(j) = -28*j**3 + 3*j**2 + 4*j + 7. Let k(p) = -7*o(p) + 2*t(p). Suppose -2*m + 3 = 1. List the prime factors of k(m).
7
Suppose -4*n + 228 = -4. What are the prime factors of n?
2, 29
Suppose m + m = 2*n + 2, -3*n + 4*m = 1. Let r = n - -24. List the prime factors of r.
3, 7
Suppose i - 44 = -5*q, 2*q - 10 - 3 = -5*i. List the prime factors of q.
3
Let z(q) = q**2 - q. Let f = 4 - 0. List the prime factors of z(f).
2, 3
Let h be 2/(-6)*21/(-1). Suppose 2*p - h*p = 0. Suppose -3*u - 3 + 18 = p. List the prime factors of u.
5
Suppose 2*g + 0*n + 2*n = 14, -5*n + 17 = -g. Suppose -6*v - 3*r = -2*v - 43, g*v + 4*r = 27. Let o = v - -4. What are the prime factors of o?
17
Let b be (3/(-1) - -1)*-2. Suppose b*x - 51 = -7. What are the prime factors of x?
11
Let i(h) = 2*h**2 + 4*h - 3. Let m be i(-4). Let y = 44 - m. List the prime factors of y.
31
Suppose 2*u = u + 1. Let v be -1 + 3 - u/1. Suppose -4 - v = -b. List the prime factors of b.
5
Suppose 5*h + 2*l + 19 = 0, 2*h + 3*l - l = -10. Let j = -6 - h. Let i = 19 + j. List the prime factors of i.
2
Suppose -4*x + 2*x = -5*w - 95, -2*x + 71 = 3*w. List the prime factors of x.
2, 5
Let g be ((-3)/2)/(3/(-8)). Let j be (-35)/(-2)*32/(-20). List the prime factors of -2 - j/(g + -2).
2, 3
Let d be (-78)/(-14) + 3/7. Suppose -3*k = -d*k - 24. What are the prime factors of (-6)/k*(18 - 2)?
2, 3
Let l(u) = u**3 - 11*u**2 + 10*u + 6. Let q be l(10). Suppose q*w + 81 = 4*h + 3*w, -w + 33 = 2*h. What are the prime factors of h?
2, 3
Let d be ((-1)/2)/(2/(-24)). Let w be 3/(-6) + (-3)/(-2). Let o = d + w. What are the prime factors of o?
7
Let j be (-1 + (-3)/(-2))*0. Suppose 20 = 2*d + x, j = 5*d - 4*x - 33 - 4. List the prime factors of d.
3
Suppose 5*y + 38 = 3*l, 19 + 33 = 5*l + 3*y. Let k = 3 + l. What are the prime factors of k?
2, 7
Let u(m) = -13*m + 1. Let n(i) be the first derivative of -39*i**2/2 + 3*i + 1. Let a(d) = -2*n(d) + 7*u(d). List the prime factors of a(-1).
2, 7
Suppose -a - 21 = 5*p, -2*p - 31 = 4*a + 17. List the prime factors of a/(1*(1 - 2)).
11
Suppose -2*a = 4*c + 8, 2*a = -0 + 4. Let d = -3 - c. Suppose -5*z + 0*z + 60 = d. List the prime factors of z.
2, 3
Suppose 2*h - 48 = -2*h. Suppose m - h = -m. List the prime factors of m.
2, 3
Suppose b - 6*b - 4*c = -225, 3*c = 3*b - 135. Let r = 75 - b. What are the prime factors of r?
2, 3, 5
Let i be -4*((-3)/12 + 0). Let g = -2 - i. List the prime factors of 2 + 0/(-2) - g.
5
Let z = 9 - 5. Suppose 2*h = -5*g + 3*h + 49, 5*h - 45 = -z*g. List the prime factors of g.
2, 5
Let n be 8/(3 - 2) + -3. Suppose 0 = j - n*j + 56. List the prime factors of j.
2, 7
Suppose 0 = -2*r + 3*u + 26 + 4, 3*u - 54 = -5*r. What are the prime factors of r?
2, 3
Let o = 5 + -1. Suppose o*u + 11 - 27 = 0. What are the prime factors of u?
2
Suppose 4*c = 3*k - 3, -4*k - 5*c = -2*c - 4. Let r be 24 - -1 - (1 - k). Let u = -15 + r. What are the prime factors of u?
2, 5
Let q = -4 + 8. Suppose s = 5*h - 29, -s = -q*h + 1 + 22. What are the prime factors of h?
2, 3
Let i(f) = -f - 11. Let l be i(0). Let n = l - -16. List the prime factors of n.
5
Suppose 0 = 5*x - 11 + 1. Suppose 0 = 4*a + s + 3, x*s - 5 = -3*s. What are the prime factors of -8*(-9)/(-6)*a?
2, 3
Let u be ((-1)/(-3))/((-1)/(-6)). Suppose 19 = -5*t - 5*z + 49, -3 = -3*t + u*z. Suppose j + t - 6 = 0. List the prime factors of j.
3
Let d = -94 + 108. List the prime factors of d.
2, 7
Let w = -2 - -3. Let j = -11 - w. Let k = -6 - j. What are the prime factors of k?
2, 3
Suppose -8 = -6*h + 22. Suppose -3*n + 20 + 2 = -4*s, n - h*s - 11 = 0. List the prime factors of n.
2, 3
Suppose -17*k + 220 = -12*k. What are the prime factors of k?
2, 11
Suppose -x = -5*p + 8, -6 = -2*x - x. Suppose 2*i - m = 4*i + 2, 4 = p*m. List the prime factors of i*1/6*-6.
2
Suppose 696 = 7*g - g. List the prime factors of g.
2, 29
Let y(v) = 0 + 0 - 4*v - 2. What are the prime factors of y(-8)?
2, 3, 5
Suppose -70 = -5*u - 5*f, -24 = -6*u + 2*u + 4*f. Let n(c) = -c**3 + 11*c**2 - 7*c - 10. What are the prime factors of n(u)?
2, 5
Suppose 2 + 0 = g. Let c = g + -4. What are the prime factors of 0 - 0/c - -2?
2
Let t = -9 - -7. List the prime factors of (48/(-4))/(3/t).
2
Let j(z) = -17*z + 7. What